 x be z(3). Is (i + 67/(-2))*x/18 composite?
True
Let z be (13/(-2))/(10773/2694 + -4). Suppose 4*r - 15588 = 4*x, -19470 = 3*x + 2*x - 2*r. Let d = x + z. Is d composite?
True
Suppose -5*t - y + 251383 = 0, -3*t + 22*y = 17*y - 150841. Is t prime?
False
Let i = -56343 - -144531. Suppose 11*n - i = -n. Is n a composite number?
False
Let s(h) = -h**3 - 5*h**2 - 6*h - 2. Let a be s(-4). Let x be 32/6 - 2/a. Suppose x*u - 442 = 873. Is u prime?
True
Let i be (9/(-12))/(1/4). Is 13*525 + (i - 1/1) prime?
False
Let o(d) = -d**3 + 3*d**2 + 7*d - 10. Let k = 103 + -99. Let s be o(k). Let p(b) = 288*b**2 + b - 3. Is p(s) a composite number?
False
Let o be -8045*(5 + -1 + -7). Suppose u - 4 = -8, o = 5*t + 5*u. Is t prime?
True
Suppose 3941*d - 17655734 = 3867*d. Is d prime?
True
Suppose 8*r - 329873 = r + 76428. Is r composite?
False
Let r(z) = -1606*z + 2309. Is r(-77) a prime number?
False
Suppose 244*v = 53*v + 3544769. Is v a prime number?
False
Let n(c) = 37*c**3 + c**2 - 5*c - 2. Let g(x) be the first derivative of -111*x**4/4 - x**3 + 15*x**2/2 + 5*x + 23. Let p(v) = 4*g(v) + 11*n(v). Is p(-3) prime?
False
Let z(p) = 4441 + 19*p**2 - p**3 + 10*p - 9*p - 19*p**2. Is z(0) a prime number?
True
Suppose -2*z + 5*y = -257212, 32*z + 3*y = 34*z - 257200. Is z composite?
False
Let l = 744770 + -502915. Is l a composite number?
True
Is -4 - (51 + -53 + (-1 - -3) - 55875) composite?
False
Let o be ((-172)/129)/((-4)/294). Suppose o*m - 107*m + 8451 = 0. Is m a prime number?
False
Let l = 3371 + 87870. Is l prime?
False
Let q(x) be the third derivative of x**6/40 - x**5/30 + x**4/8 + x**3/3 + 12*x**2. Let h be q(3). Suppose -8*j - h + 2530 = 0. Is j a prime number?
True
Suppose -5*f + 16146 = -2*j - 466447, 3*f - 289558 = -j. Is f a composite number?
True
Suppose 2*v - 2*t = -4, -12*v - 2 = -16*v + 2*t. Is (20/(-20))/(v/(-91623)) a prime number?
False
Suppose 6 = -0*o + 3*o. Suppose 0 = -2*y + o - 26. Is 88 - (2/1)/(y - -10) composite?
False
Let p(v) = -1946*v + 67. Suppose 85 - 79 = -3*u. Is p(u) composite?
True
Suppose 0 = 6*j + 4*m - 540602 - 137468, -j - 3*m = -113021. Is j prime?
False
Let d be (((-9228)/(-2))/(-3))/((-36)/234). Suppose -3*m - 29486 = -4*c + 10437, c - d = 4*m. Is c a composite number?
True
Let u = 113354 + -63537. Is u prime?
False
Suppose -5*p = -10 - 5. Let x be (-20)/(p + 2) + -697. Let b = -372 - x. Is b prime?
False
Let r = 5851 - 8231. Let s = 5375 + r. Is s a prime number?
False
Let t = -312 - -300. Is (-2 + 1)*t/(24/3694) prime?
True
Let t(k) = 4*k + 43. Let d be t(-8). Suppose 0 = -6*f - d - 7. Is -745*((-6)/f)/(-2) a composite number?
True
Suppose -2293 - 3257 = -2*z. Suppose z = o + 2*o. Suppose -o = 2*q - 4251. Is q prime?
True
Let g be ((-10)/15)/(((-24)/189)/4). Let v = 26 - g. Suppose -v*w + 928 = -3517. Is w a prime number?
False
Suppose 7*g - 97294 = 58015. Suppose 6*c = -5*c + g. Is c prime?
True
Let j(x) = x**2 - 5*x - 2. Let f be j(6). Suppose 8 = f*d, d = -5*c + 2*d + 35343. Is c a prime number?
True
Suppose -5*o + 458864 = -k - 921497, 1380357 = 5*o - 2*k. Is o composite?
True
Let z be ((-12)/(-10))/(28/(-210)). Let k(b) = -2*b**3 + 12*b**2 - 3*b + 16. Is k(z) composite?
False
Let l = 46 + -45. Let s be (-4)/(-1) + l*(-8 - 4). Is 3478 - 0/(-1) - (5 + s) composite?
True
Let z(x) = 94*x**2 + 74*x - 35. Is z(34) composite?
True
Is -12*9/144 - ((-9347980)/16 + 1) composite?
True
Suppose 23*l - 31*l = -216. Suppose -2*r + 16289 = 5*q, 4*r - l*q = -30*q + 32585. Is r prime?
True
Is 3872572/11 + (14 - 3) a prime number?
False
Let f = 104 - 101. Let z be (3*-2 + 4 + f)*2. Suppose 0 = 2*j - 4*j + 3*l + 956, -z = -l. Is j a prime number?
False
Let t = 11388 - 4882. Suppose -m = -0*m + 3*a - t, 3*a = 5*m - 32440. Is m a prime number?
True
Suppose 0 = 3*j - z - z - 12, 4*j - 16 = z. Suppose j*k = 2*p - 3*p + 3, 5*k = 3*p + 42. Is (p/(45/5))/(1/(-2081)) a prime number?
True
Let p(h) = -2*h**2 - 5*h - 3. Let q be p(-3). Let m be (q/(-15))/((-5)/(-25)) + -315. Let r = m + 954. Is r prime?
True
Suppose 3*c - 8*c - 4*y = -15, -4*c = -2*y - 12. Suppose 0 = 4*p + c*p - 1673. Suppose u = -s + 5*s - 473, 2*s - p = 3*u. Is s prime?
False
Let t(y) = y**3 + 41*y**2 - 42*y - 3. Let p be t(-42). Let i(c) = -96*c**3 + 2*c**2 + 4*c + 17. Is i(p) prime?
False
Let t = -30883 - -6194. Let i = t + 35924. Suppose -3*z + 3*x + i = 0, 3044 = 2*z + 4*x - 4470. Is z prime?
False
Suppose 0*p - 4242 = 6*p. Let x = 1446 + p. Is (3/(-3))/(2 - 1479/x) a composite number?
False
Let q be (-1 - -2)*(1 + 2). Let p be (52/390)/(3/45). Suppose 5*l - q*v - 1691 = 0, 1675 = 5*l + p*v + 3*v. Is l composite?
False
Suppose 287*v - 295*v - 88 = 0. Let m(r) = -3*r + 26. Is m(v) prime?
True
Let m(k) = 31*k**2 + 6*k - 5. Let s be m(-7). Is (s/(-96))/(4/(-2202)) a prime number?
False
Let v(z) be the third derivative of -z**6/120 - z**5/15 + 19*z**4/24 + 5*z**3/6 - 129*z**2. Is v(-12) prime?
True
Let t be 1 + (10 - 7 - (-25 + 0)). Let i(g) = -2*g**3 + 71*g**2 + 34*g + 40. Is i(t) composite?
False
Let p(m) = -m**3 + 3*m**2 - m + 8. Let l be p(8). Let k be (l/(-3))/((-3)/(-36)). Suppose 0 = -2*r - 4*c + 646, -4*r + 0*r - 2*c = -k. Is r prime?
False
Suppose -3*q - 2975 = 2*i - 225668, 0 = 3*q + 5*i - 222684. Is q composite?
True
Let a be (1 - -2)*(-44)/(-12). Suppose 0 = -a*h - 11965 + 95730. Is h composite?
True
Let u be -4 - (0 - (-1 + -2)). Let p be ((-12)/u)/((-2)/(-7)) + -3. Suppose -5*m = -p*o + 2747, -o + 929 = 3*m + 2*m. Is o prime?
True
Let q = 2840 + -1397. Let m = 2222 + q. Is m composite?
True
Let t be (-8)/2 - (-1931 - -13). Suppose 19*h - 60007 = t. Is h composite?
False
Suppose -3*f = 3*i - 3, 4*i - 19 = 3*f + 13. Suppose 0 = -2*n + n + 414. Suppose -3*c - i*h + n = -381, -1060 = -4*c - 4*h. Is c a prime number?
False
Let r(m) = 5203*m + 31. Let p be r(7). Suppose 3*l - p = -4*f + l, 3*l = -5*f + 45563. Is f composite?
True
Let q(a) = -2*a + 10. Let l be q(11). Let i(n) = 255*n**2 - 100*n - 1. Is i(l) a prime number?
False
Let t = -140431 - -68227. Is t/(-5) - 19/(-95) prime?
False
Is ((-21)/13)/7 - (-203849404)/247 a prime number?
True
Let q(a) = -4*a**3 + 5 - a - 10*a**2 + 8*a + 6*a**3. Is q(6) composite?
True
Let b(n) be the third derivative of n**6/15 + n**5/60 - n**4/8 + n**3/6 + 5*n**2. Let j be b(-2). Let q = j - -91. Is q prime?
False
Let c(q) = 2*q**2 + 3*q + 20. Let l be c(8). Let x(b) = -243*b - 19 + l*b - 252*b. Is x(-4) composite?
True
Let o = -2 + 6. Suppose 2*c + 3903 - 49367 = 0. Suppose 5*t - o*t - c = -5*u, -2*u + 9085 = 3*t. Is u a prime number?
True
Suppose -1098826 + 861682 = -3*c + 1921755. Is c prime?
True
Let q = 79 + -67. Is 3*(34264/q - 1) prime?
True
Let y(z) = z**2 - 7*z + 10. Let a be y(3). Is (-2 - 20)*(247/a + -2) a composite number?
True
Let f be (-1 + -3)/(4/(-10)). Suppose f*u - 31564 = 118126. Is u composite?
False
Let x(w) = w**3 - 28*w**2 - 59*w - 31. Let o be x(30). Is -4*o/(-4) + 2814*1 a composite number?
True
Let q(h) = -1073*h - 5406. Is q(-121) a composite number?
False
Is 3 + (-5)/(-1)*(-4663242)/(-295) composite?
True
Let p(l) = l**3 + 5*l**2 + 3*l - 6. Let w be p(-3). Suppose 3*y - 4*z = -18093 + 50632, w*z - 43352 = -4*y. Is y prime?
False
Suppose 14743464 = 37*i + 1436673. Is i composite?
True
Suppose -5*g + 18 = 4*l, 0 = 5*g + 2*l + 3 - 17. Suppose -2*s - g*s + 59830 = v, 5*s - 74793 = -4*v. Is s a prime number?
True
Suppose 9992936 = 238*j - 6*j. Is j prime?
False
Is (0 + 95870/(-4))*(-3 + 1) prime?
False
Let t = 90293 - -123990. Is t composite?
False
Let u = 32260 + 45535. Is u prime?
False
Suppose 22*j = 12*j + 80. Is 13683/((j - 5)/1) a composite number?
False
Let a(u) = 36*u**3 + 6*u**2 + u + 41. Is a(6) a composite number?
False
Let y(j) = 8*j**3 - 169*j**2 + 2*j + 104. Is y(27) a composite number?
False
Let r be 114/16 - 25/200. Let m(y) = -y**3 + 6*y**2 + 2*y - 6. Let h be m(r). Is h/((-1)/(5 - -2)) prime?
False
Let c(l) = -41*l - 39. Let i(p) = -20*p - 19. Let v(y) = 4*c(y) - 9*i(y). Let h be v(17). Suppose -3*w + 250 = -h. Is w prime?
True
Let g be 303/5 - (24/40 + 0). Suppose 58*i - g*i + 10978 = 0. Is i a prime number?
False
Suppose -t = -87 + 85. Suppose -5*w + 3*w - 14590 = -4*z, 2*z - 7292 = t*w. Is z a prime number?
False
Let g(d) = d**2 - 6*d - 4. Let r be g(7). Let j be -28*((-90)/63 - 